is the value of -17 + 5 + 2 + -7 - (-71 - -82)?
-28
(0 - (3 + -5)) + 12
14
What is the value of -6 - (34 - 28 - (-1 + (10 - -2)))?
-1
What is the value of 95 + -84 + -11 + 1 + -14?
-13
Calculate -17 - (4 - (4 + 11)).
-6
(18 + -12 - (0 - -7)) + -1 + 2
0
Evaluate (3 - -3) + (3 - (-6 - -7) - -8).
16
Calculate 7 + (3 - -30) + -5.
35
Evaluate (9 - (5 + 4) - 5) + (1 - 7).
-11
Calculate 21 - (-25 + (47 - 21) - (0 + -5)).
15
What is 82 + -109 - (-10 - 0) - -5?
-12
-25 - ((2 - (7 + 3 - 7)) + -2)
-22
What is 0 + 0 + -5 + (-12 - (-8 - 1))?
-8
Calculate 2 + -6 + (2 - -2) + -6.
-6
Calculate (-39 - (1 - 56)) + -6 + -1.
9
Evaluate 35 + 8 + -32 - (29 + -2).
-16
What is 7 + (4 - 10) + -1 + 23 + -15?
8
What is 8 + (15 - 7 - 11) - (-11 - 3)?
19
What is -182 - -186 - (3 - 3 - (13 + -4))?
13
What is -4 + (11 + 6 - 5)?
8
What is the value of 35 + 1 + -1201 + 1154?
-11
What is the value of -33 + 10 - -2 - -32?
11
(-6 - -3) + (28 - (15 - -20))
-10
Evaluate -22 + (12 - 18) - (13 - 15).
-26
Evaluate -13 + 2 + 4 + (-2 - (7 - -1)).
-17
Evaluate (-1 - (0 + 0 + -1)) + 1.
1
Calculate ((-1 - -10) + 6 - 3) + 4 - 1.
15
Evaluate 27 - (9 + (-7 - -13)).
12
1 + -6 - (1 - (-8 + 17 + -2))
1
What is -25 + (1 + 18 - -21)?
15
What is -175 + 224 - (23 - -6)?
20
Evaluate 2 - (1 - 7) - (7 - 16).
17
15 - 3 - (8 + 1 + 0 - 2)
5
What is the value of -15 - ((7 - (-3 + -3 - -13)) + -6)?
-9
9 + -11 + (-12 - -6) + -3
-11
Calculate 6 + -1 + -6 - 6 - 4.
-11
What is 0 + 27 + 46 + -50?
23
What is 12 - (2 + -2) - (34 - -2 - 30)?
6
What is 64 + -33 + -30 + -3?
-2
Calculate -28 + 34 + -2 + -2 + -1.
1
(-9 - (-7 - -3)) + -1 + 0 + 0
-6
What is the value of -1 + (12 - (3 + (-13 - -9) - -9))?
3
Calculate (-5 - (-2 - -3)) + -3 + 4.
-5
What is 40 + 22 + -39 - 18?
5
What is (33 - (-2 - -43)) + 2 + (-2 - -19)?
11
What is the value of 15 - -2 - (31 + -22 + (-8 - -3))?
13
What is 2 - 4 - ((0 - -7) + (14 - 14))?
-9
What is the value of -20 + 1 + (-17 - -27)?
-9
Evaluate 10 - (-18 - -22) - (-1 - (-1 - -3)).
9
What is 18 - (5 + -24 - (-13 - -1))?
25
What is the value of -9 - (-34 + 14 + 5)?
6
Evaluate 7 - 1 - (0 + 15 + -9).
0
What is 64 + -65 - (8 - -1)?
-10
Evaluate -7 - (39 + 13 + -30).
-29
Evaluate 23 + 1 + (-3 - (-1 - -5)).
17
Calculate -1 - 2 - (11 + (12 - 23)).
-3
Calculate -93 + 99 - (1 - 6 - -35).
-24
Evaluate 1 + -1 - (-56 - -52) - 0.
4
What is (-3 + 16 - 11) + (3 + -4 - 2)?
-1
Evaluate -1 + 7 - 14 - 0 - (-11 - -5).
-2
-2 + 17 + 2 - (-24 + (19 - -9))
13
Evaluate -2 + 23 + 4 + (-5 + -24 - -16).
12
What is -1 + 15 - (-14 + (-10 - -30))?
8
What is the value of 2 - (-1 + 4 - (8 + -13 + 6))?
0
Evaluate -1 + (24 - (32 + 6)).
-15
What is the value of -7 - (-24 - (27 + -74))?
-30
27 - (10 + (-31 - -37))
11
What is the value of (1 - -21) + -13 + 11?
20
What is the value of 0 - 10 - (14 + -2 - 15 - 3)?
-4
Evaluate (-2 - (4 - (-13 - -7))) + 29.
17
Evaluate -88 + 65 - (-10 + -2) - (-1 + -4).
-6
What is -5 + -4 + 12 + (1 - 7)?
-3
What is the value of (10 + -2 - 3) + -1?
4
What is -5 - (5 + (-2 - 6) + -4)?
2
What is the value of (2 - 7 - (6 - 0 - 36)) + -6?
19
Evaluate (4 - 7 - (1 - -6)) + 8.
-2
Evaluate 16 - (-11 - 17 - -54).
-10
(5 - 2) + -12 + (9 - 1)
-1
What is the value of (3 - (8 + (-3 - (-3 + -3)))) + 2?
-6
What is the value of 6 + (6 - (16 + 1 + 4)) - 4?
-13
Evaluate -20 - -18 - (2 - (3 - 2)).
-3
(30 - 27 - (-3 + -1)) + 3
10
What is (4 - (9 - 1)) + (-6 - (-26 - -14))?
2
Evaluate -2 - (11 + (8 - 12)).
-9
What is the value of -11 + 1 - (-15 - (-33 - -1) - 9)?
-18
What is the value of (63 - 58 - (1 + -6)) + -4 - 14?
-8
What is the value of 3 + -5 + 5 + (0 - 5)?
-2
-8 - (22 + (1 + 8 - 19))
-20
-28 + -6 - -8 - -33
7
What is -144 + 150 + -5 + -2 + -1?
-2
Calculate (9 - (-1 - -1) - (132 - 122)) + -21.
-22
Evaluate 7 + -1 - (-4 + -2 + (9 - -1)).
2
Calculate 463 + -462 - (-4 + 0).
5
What is -7 - -5 - (5 - 19)?
12
What is the value of 35 - 21 - (-5 + 6 - -6)?
7
What is the value of -4 + 7 + 4 + -1 + 8?
14
(-1 + -5 - -1) + (-31 - (4 - 29))
-11
Evaluate -2 + -1 + (-5 - -1 - -7).
0
What is 37 - (-15 - (-13 - (6 + 0)))?
33
0 + (3 - 0 - (14 + -22)) + -4
7
23 + (10 - 33) - (-1 + 5)
-4
(7 + -21 - 30) + 30
-14
What is the value of -13 - ((3 - 4 - 5) + 2) - 0?
-9
What is (1 - 0) + -12 + 5 + 12 + -8?
-2
What is (-36 - (-17 - 12)) + (-15 - -1)?
-21
-8 + (13 - (-4 - -4)) + -7 + 8
6
Evaluate 6 + -21 + 0 - (-20 + 8).
-3
Evaluate -35 - (-72 + 22 + 25).
-10
What is the value of -25 + 1 - (-30 - (-18 + 4 + -12))?
-20
101 + -117 - ((2 - 13) + -1)
-4
Evaluate -3 + -8 - (-3 - 2) - (-37 + 4).
27
What is -6 + 29 + -22 - (-10 - 1)?
12
Evaluate (261 + -260 - (-1 - 4)) + (-4 - 1).
1
(-8 - -1) + -27 + 39 + -1 + 6
10
What is 0 - -3 - (44 - 48) - 16?
-9
Evaluate (-64 - -37) + 15 + 2.
-10
5 - (-4 - (-8 - -3)) - 0
4
What is the value of -23 + (19 - 10) - (1 - (0 - -4))?
-11
Calculate (446 - 447) + (-1 - -15) - -17.
30
Evaluate 2 + 13 + (1 + -18 - (-69 + 59)).
8
What is 3 + 1 - (155 + -165)?
14
1 + -21 + -4 + 7 - (166 + -163)
-20
(-15 - (-1 - -1) - (-64 - -61)) + 1
-11
-2 + (-5 - (7 - (0 - -32))) + -5
13
What is the value of 18 - (-5 + 4) - 18?
1
What is -550 - -550 - (3 + -2 + -4)?
3
What is -5 + -12 + 11 + -3 + -3 + 7?
-5
Evaluate (-1 + -4 - (-7 + -2)) + (-4 - -3).
3
-19 - ((-14 - -5) + -21)
11
What is -28 - (-9 - 18 - -17)?
-18
Evaluate (34 - 34) + (1 - (-8 + 3)) + -22.
-16
What is -4 + 0 + (4 - (1 + -10))?
9
Calculate 7 + 5 + (-9 - -2) + 16.
21
(1 - -4) + -31 + (-6 - -23)
-9
What is the value of 143 + -178 + (-6 - -77)?
36
What is the value of -17 - (29 - (39 - -7))?
0
What is the value of 1165 + -1202 - (0 - 33)?
-4
-15 - (-42 - (-21 - -12))
18
-1 + (-4 - -14 - -1)
10
What is 9 + (-7 - (1 - (-6 + -2))) + 8?
1
What is 11 + -10 + 11 + -13?
-1
What is the value of 17 - (1 - -8) - (7 + 25)?
-24
Evaluate 352 - 374 - (-25 - -1).
2
What is the value of -11 + (1 - -9 - -1 - (27 + -23))?
-4
Evaluate -7 - (-11 - (-7 + -1 + 1)) - -35.
32
-29 + 33 + (-5 - 4)
-5
What is (8 - (-2 + 3)) + 294 + -313?
-12
What is -1 - (-4 - 1) - (11 - 3)?
-4
Calculate (6 - -1) + -14 - (7 + (-1 - 0)).
-13
What is the value of 7 + (-6 - (-6 - (-7 + -7 - -7)))?
0
What is -2 + 20 - (13 - 14 - -1)?
18
Calculate -25 + -2 - (14 + -15).
-26
((-9 - (-9 - -10)) + 25 - 5) + 8
18
What is the value of 68 + -76 + (-4 - (4 + -11)) + 21?
16
Evaluate 57 + -23 - 19 - 16.
-1
What is (-3 - 1) + 1 + 0 - (-11 + 2)?
6
(-8 - -3 - (-3 + (6 - 3))) + 7
2
Calculate -14 + -3 + 19 - (2 - (0 + -9)).
-9
Evaluate (590 - 595) + 19 + 1 + -1 + -3.
11
What is 11 + (9 - (5 - -2))?
13
Evaluate 38 - (53 + (14 - 50)).
21
What is the value of -1 + (19 + -19 - (0 - (-1 + 7)))?
5
What is 11 + (-6 - 3) + 8 + -12?
-2
Evaluate -12 + (6 - -7 - 9).
-8
What is -11 - (-6 - -3 - 21 - 11)?
24
Evaluate (13 - 13) + -6 - (-14 - (0 - 1)).
7
What is (-51 - -48 - (0 + 5)) + 3?
-5
Evaluate 27 + (-12 - (-5 + 0)) + (-14 - -15).
21
Calculate -8 + (10 - 29) + 26.
-1
Calculate 4 + 0 + (-31 - -34) + 5.
12
Calculate 138 - 128 - (5 + 0 + -1 + -12).
18
What is -39 + 21 + -5 + 5?
-18
What is -48 + 42 - (-4 + -12)?
10
What is the value of -33 + (-7 - (13 + -44))?
-9
What is the value of (-11 - -4) + 5 + 11?
9
What is the value of -49 + 27 + 16 + (1 - -1) + 0?
-4
Calculate -27 + (14 - -14 - -2).
3
What is the value of -6 + (17 - (3 - -9)) + 21?
20
Evaluate -4 - -1 - (8 - 20 - 18 - 1).
28
Calculate (-3 - -2 - -13) + -16.
-4
Calculate -2 + 1 - (1 + -14 - (83 - 105)).
-10
Calculate (85 - (-35 + 131)) + (0 + -10 - 0).
-21
What is 9 + (1 - 6 - (5 + -11) - -4)?
14
2 + -11 + (-142 - -146)
-5
What is (-1 - (-11 + 2)) + -118 + 116?
6
What is -71 + 67 + -14 + -1 + 7?
-12
Calculate (-3 - 0 - (-39 + 29)) + -12.
-5
What is the value of 9 - ((-4 - (-12 - 1)) + 20)?
-20
Evaluate 11 - (-4 - -14) - (0 + (0 - 13)).
14
What is the value of -7 + (-1 - -8) + -7 + 6?
-1
What is the value of 1 + 7 + (-28 - 2) + 8?
-14
What is (1 - 59) + 48 + 1 + -9?
-18
What is the value of 0 + (-32 - ((-4 - 18) + 14))?
-24
What is (6 - 0) + -15 - (38 + -17 - -3)?
-33
What is 5 + (-11 - (-11 + 0 + 7))?
-2
What is the value of -5 + (-29 + 25 - (-23 - -2)) + -9?
3
What is the value of -5 + (1 - 37) + -27 + 31?
-37
7 + -15 + 0 - (1 - (-8 - 1))
-18
Evaluate (12 - (-41 - -44)) + -14 + 1.
-4
What is the value of -2 - -12 - (-202 - -208)?
4
-48 + 40 - (3 - 1 - 6 - -2)
-6
What is (5 - -4) + -4 